et t(j) = -j**3 - 18*j**2 + 20*j + 412. Give t(-18).
52
Let f(u) = -6*u**2 + 80*u - 50. Determine f(12).
46
Let q(k) = 4*k**2 - 41*k + 80. Give q(7).
-11
Let z(a) = -74*a - 446. Give z(-5).
-76
Let r(w) = w**2 + 367*w + 1451. Give r(-4).
-1
Let k(j) = j**2 + 30*j + 111. Calculate k(-4).
7
Let c(k) = k**3 - 51*k**2 + 90*k + 269. What is c(49)?
-123
Let o(m) = -679*m + 9497. What is o(14)?
-9
Let f(a) = -a**3 - 15*a**2 - 31*a - 21. What is f(-11)?
-164
Let r(y) = -y**3 - 35*y**2 + 35*y - 40. Give r(-36).
-4
Let i(v) = 19*v**2 - 4*v + 7. Calculate i(-5).
502
Let f(g) = -3*g**3 + 19*g**2 + 19*g - 39. Determine f(7).
-4
Let s(q) = -q**3 + 9*q**2 + 12*q - 104. Determine s(9).
4
Let c(x) = x**2 + 5*x - 218. What is c(-23)?
196
Let n(q) = 695*q + 4177. Calculate n(-6).
7
Let h(t) = t**2 + 19*t - 134. What is h(3)?
-68
Let j(k) = 16*k**2 + k + 23. Give j(-3).
164
Let x(p) = -p**3 + 29*p**2 + 93*p + 12. Determine x(32).
-84
Let o(r) = r**3 - 9*r**2 + 35*r - 24. Determine o(6).
78
Let x(z) = -z**3 + 18*z**2 + 134*z - 2206. Calculate x(19).
-21
Let k(t) = -5*t**3 - t - 3. Give k(2).
-45
Let v(q) = -10*q**2 - 312*q + 592. Give v(-33).
-2
Let i(a) = -83*a - 1073. Give i(-13).
6
Let i(w) = -64*w + 1325. What is i(31)?
-659
Let t(b) = -16*b - 154. Determine t(-17).
118
Let d(f) = 5*f**2 - 4*f + 1. What is d(1)?
2
Let j(o) = 43*o**2 + 517*o + 6. Give j(-12).
-6
Let i(a) = -14*a**2 + 333*a + 676. Give i(-2).
-46
Let v(z) = -11*z - 1281. Determine v(-117).
6
Let o(z) = z**3 - 5*z**2 + 9*z - 4. Calculate o(-4).
-184
Let c(r) = 131*r - 2095. Determine c(15).
-130
Let x(i) = -i**3 + 5*i**2 + 4*i - 23. Calculate x(-2).
-3
Let n(s) = s**3 + 46*s**2 + 47*s + 98. What is n(-45)?
8
Let l(s) = 2*s**3 + 159*s**2 - 95*s - 290. Calculate l(-80).
910
Let q(y) = 21*y**2 - 138*y - 713. Give q(-5).
502
Let l(u) = 2240*u - 8976. What is l(4)?
-16
Let u(k) = 164*k + 170. Determine u(-1).
6
Let d(y) = y**3 - 5*y**2 - 15*y - 8. What is d(7)?
-15
Let b(m) = -56*m - 43. Determine b(0).
-43
Let c(f) = 158*f - 2216. Determine c(14).
-4
Let f(r) = 2*r**2 + 93*r + 225. Give f(-44).
5
Let q(g) = -2578*g + 237180. Determine q(92).
4
Let p(d) = -d**3 + 13*d**2 + 2*d + 169. Determine p(14).
1
Let u(a) = 57*a + 817. Determine u(-5).
532
Let f(k) = -k**3 + 4*k**2 - k + 31. What is f(6)?
-47
Let f(i) = 1035*i + 55890. Calculate f(-54).
0
Let f(x) = x**2 - 343*x - 2076. Give f(-6).
18
Let d(c) = -87*c - 1175. Calculate d(-13).
-44
Let f(q) = -q**2 + 25*q + 787. Determine f(43).
13
Let r(j) = j**3 - 19*j**2 - 4*j + 1020. Give r(14).
-16
Let l(i) = i**3 - 26*i**2 - 1183*i + 6102. Calculate l(48).
6
Let y(g) = -3*g**2 + 51*g + 29. Determine y(20).
-151
Let k(i) = -2*i**3 + i**2 + 12*i - 25. Calculate k(3).
-34
Let n(o) = 2*o**2 - 10*o - 4. Calculate n(5).
-4
Let o(y) = 1730*y**2 + 13847*y + 49. What is o(-8)?
-7
Let n(v) = -6047*v - 36307. Calculate n(-6).
-25
Let n(f) = f**3 + 24*f**2 + 74*f - 117. Calculate n(-20).
3
Let h(n) = -2*n**3 - 83*n**2 + 146*n + 748. Give h(-43).
17
Let t(d) = d**2 + 75*d - 242. Give t(3).
-8
Let d(u) = -u**2 - 492*u - 24027. Determine d(-55).
8
Let f(p) = p**2 - 44*p + 28. Calculate f(42).
-56
Let n(g) = 4*g**3 - 62*g**2 - 5*g - 40. Determine n(16).
392
Let l(r) = r**2 + 137*r + 4628. Determine l(-76).
-8
Let d(c) = 50*c + 1086. Determine d(-20).
86
Let m(l) = l**2 - 3*l - 229. Give m(0).
-229
Let q(f) = -35*f - 242. Calculate q(-8).
38
Let s(w) = w**3 - 6*w**2 + 9*w - 45. Calculate s(5).
-25
Let f(t) = t**2 - 56*t + 767. What is f(32)?
-1
Let w(k) = 426*k + 30676. Calculate w(-72).
4
Let z(j) = -2*j**2 - 28*j + 21. Determine z(-4).
101
Let n(d) = -d**3 - 27*d**2 - 45*d + 115. What is n(-25)?
-10
Let c(g) = -g**3 + 4*g**2 + 9*g + 105. Determine c(7).
21
Let i(k) = -k**3 - 102*k**2 - 481*k - 10. Calculate i(-5).
-30
Let o(z) = -2*z**3 + 30*z**2 + 35*z + 34. Calculate o(16).
82
Let b(w) = -99*w + 1005. Give b(10).
15
Let p(i) = -13*i + 1251. What is p(50)?
601
Let f(z) = -32*z - 1089. Give f(-34).
-1
Let a(k) = -k**3 - 65*k**2 - 304*k + 50. Determine a(-60).
290
Let t(i) = 90*i + 75. Calculate t(-1).
-15
Let c(k) = 2*k**2 + 31*k + 11. Give c(-9).
-106
Let o(t) = -235*t - 4681. Determine o(-19).
-216
Let p(b) = -b**3 + 30*b**2 + 80*b - 526. Give p(32).
-14
Let z(m) = 10*m**3 + 46*m**2 + 93*m + 270. What is z(-4)?
-6
Let s(f) = f**3 - 50*f**2 - 239*f + 4240. Determine s(53).
0
Let i(b) = -b**3 - 128*b**2 - 363*b + 1506. Calculate i(-125).
6
Let m(b) = -83*b + 1332. What is m(19)?
-245
Let s(g) = -g**3 + 12*g**2 - 17*g - 85. Calculate s(9).
5
Let h(g) = 2132*g + 4293. Calculate h(-2).
29
Let t(f) = f**3 + 17*f**2 - 139*f + 72. Give t(-23).
95
Let g(a) = -4*a**3 - 5*a**2 + 8*a - 15. Calculate g(2).
-51
Let x(d) = d**2 - 60*d - 37. Give x(62).
87
Let f(j) = j**2 - 14*j - 44. What is f(17)?
7
Let u(d) = 8*d**2 + 41*d - 15. Calculate u(-5).
-20
Let a(w) = -w**2 - 1318*w + 5287. Give a(4).
-1
Let z(y) = y**3 + 11*y**2 + 47*y + 275. What is z(-10)?
-95
Let f(m) = -m**3 + 14*m**2 - 5*m + 30. Calculate f(14).
-40
Let c(j) = -j**3 + 75*j**2 - 148*j + 165. Determine c(73).
19
Let r(q) = -44*q - 101. Calculate r(18).
-893
Let h(k) = -k**3 + 9*k**2 + 32*k - 11. Give h(13).
-271
Let u(w) = 217*w**2 + 6*w + 6. Determine u(-1).
217
Let m(a) = 28*a + 3. Give m(-3).
-81
Let i(h) = -h**3 - 9*h**2 + 107*h + 684. What is i(-6)?
-66
Let z(c) = 10*c**2 + 7*c + 7. Give z(-2).
33
Let y(b) = -341*b - 397. Determine y(-1).
-56
Let v(d) = -d**3 + 37*d**2 - 72*d + 87. Calculate v(35).
17
Let d(v) = -408*v + 6071. Determine d(15).
-49
Let x(a) = 20*a + 56. What is x(7)?
196
Let g(j) = -192*j**2 - 97*j + 98. Determine g(1).
-191
Let r(o) = -11*o**3 + 66*o**2 + o + 31. Calculate r(6).
37
Let n(y) = -y**3 - 33*y**2 - 146*y - 1. What is n(-5)?
29
Let j(u) = u**3 - 21*u**2 - 9*u + 195. Give j(21).
6
Let a(l) = 15*l - 489. Give a(-9).
-624
Let y(w) = 65*w - 2394. Calculate y(37).
11
Let b(n) = 2*n**3 + 2*n**2 + 308*n - 309. Give b(1).
3
Let n(g) = -g**2 + 386*g - 3753. What is n(10)?
7
Let z(u) = -2*u**3 + 12*u**2 + 6*u - 64. Determine z(5).
16
Let a(i) = -261*i + 1016. Determine a(4).
-28
Let a(m) = 5*m**2 + 95*m - 87. Calculate a(-19).
-87
Let w(i) = -6*i**3 - 28*i**2 - 2*i - 14. What is w(-7)?
686
Let j(k) = -2*k**3 + 33*k**2 + 207*k - 384. Determine j(21).
-6
Let b(y) = -y**2 + 14*y + 40. Calculate b(13).
53
Let x(a) = 8991*a + 71928. What is x(-8)?
0
Let m(t) = t**3 - 11*t**2 + 18*t. Give m(9).
0
Let u(m) = 2*m**3 + 3*m**2 - 137*m - 16. Calculate u(-9).
2
Let q(k) = 2*k**2 - 8*k - 24. Determine q(0).
-24
Let p(w) = 3*w**2 + 66*w + 199. What is p(-3)?
28
Let l(z) = 3*z**3 - 13*z**2 - 60*z + 68. What is l(8)?
292
Let h(w) = -4*w**2 + w - 4. Calculate h(-11).
-499
Let p(g) = 10*g - 50. What is p(-4)?
-90
Let y(x) = 1467*x + 318344. Give y(-217).
5
Let i(g) = 40*g + 437. What is i(-11)?
-3
Let w(r) = 38*r - 959. Determine w(26).
29
Let u(a) = -a**3 + 17*a**2 - 42*a + 142. Calculate u(16).
-274
Let b(c) = -c**3 + 223*c**2 + 906*c - 14. Give b(-4).
-6
Let k(w) = -21*w - 90. Determine k(22).
-552
Let m(t) = 3*t**2 - 20*t - 51. Calculate m(12).
141
Let l(v) = 9*v**2 + 115*v + 48. What is l(-10)?
-202
Let i(w) = -5*w**3 + 7*w**2 + 7*w - 3. Determine i(2).
-1
Let o(i) = i**3 + 6*i**2 - 21*i - 119. Determine o(-6).
7
Let k(o) = o**2 + 17*o - 97. Determine k(-14).
-139
Let t(k) = 154*k**2 + 2928*k + 37. What is t(-19)?
-1
Let v(f) = 7*f**2 + 23*f - 608. Calculate v(12).
676
Let u(k) = -839*k - 1684. Calculate u(-2).
-6
Let a(m) = -270*m - 1908. What is a(-7)?
-18
Let l(o) = 17*o + 17. What is l(10)?
187
Let z(f) = f**3 - 20*f**2 + 23*f - 490. Determine z(20).
-30
Let g(u) = u**3 + 6*u**2 - 35*u - 151. Give g(-8).
1
Let n(k) = -3*k + 138. What is n(31)?
45
Let o(t) = -29*t + 1824. Determine o(63).
-3
Let z(s) = 3*s**2 - 6*s - 93. Give z(-5).
12
Let d(i) = -32*i + 364. Give d(8).
108
Let i(v) = v**3 + 37*v**2 - 35*v - 139. Give i(-38).
-253
Let d(s) = 2*s**3 - 24*s + 48. What is d(2)?
16
Let k(t) = 24*t**2 - 15*t - 26. What is k(-2)?
100
Let r(l) = 5*l - 45. Calculate r(-16).
-125
Let t(p) = 78*p - 61. Determine t(2).
95
Let l(a) = -4*a**3 + 2*a**2 - 2*a - 1. Determine l(3).
-97
Let z(g) = -32*g**3 + 2*g**2 + g. Calculate z(-1).
33
Let v(p) = 2*p - 21. Calculate v(10).
-1
Let r(j) = 20*j**2 - 235*j - 22. Determi